{"id":964,"date":"2020-09-01T10:30:24","date_gmt":"2020-09-01T08:30:24","guid":{"rendered":"https:\/\/pageperso.lis-lab.fr\/thierry.artieres\/?page_id=964"},"modified":"2025-08-29T09:23:08","modified_gmt":"2025-08-29T07:23:08","slug":"intelligence-artificielle-et-jeux-2020-2021-ecm-2a","status":"publish","type":"page","link":"https:\/\/pageperso.lis-lab.fr\/thierry.artieres\/?page_id=964","title":{"rendered":"Intelligence Artificielle et Jeux (ECM 2A) non propos\u00e9 en 2025"},"content":{"rendered":"<p><img loading=\"lazy\" decoding=\"async\" class=\"wp-image-278 aligncenter\" src=\"https:\/\/pageperso.lis-lab.fr\/thierry.artieres\/wp-content\/uploads\/2018\/09\/25717574115_a13441f167_b.jpg\" alt=\"\" width=\"370\" height=\"208\" \/><\/p>\n<p style=\"text-align: center;\"><strong>Cours ECM 2i\u00e8me ann\u00e9e\u00a0<\/strong><\/p>\n<p style=\"text-align: center;\">\n<hr \/>\n<p style=\"text-align: center;\">Voir la description du module [<a href=\"https:\/\/wiki.centrale-marseille.fr\/informatique\/public:ia_et_jeux\">ici<\/a>]<\/p>\n<ul>\n<li>Partie I : R\u00e9solution de probl\u00e8mes<\/li>\n<\/ul>\n<ul>\n<li>Partie II : Jeux \u00e0 deux joueurs avec MinMax et AlphaBeta<\/li>\n<\/ul>\n<ul>\n<li>Partie III : Jeux \u00e0 deux joueurs par apprentissage supervis\u00e9<\/li>\n<\/ul>\n<ul>\n<li>Utile\n<ul>\n<li>Utiliser \/ importer les packages dans google colab.<\/li>\n<\/ul>\n<\/li>\n<\/ul>\n<p>Si vous avez copi\u00e9 votre code avec les r\u00e9pertoires Games, Awale, Player etc sur votre Google drive, vous pouvez utiliser ces packages dans un notebook Google colab en modifiant votre PYTHONPATH comme dans cet exemple :<\/p>\n<ul>\n<li><img loading=\"lazy\" decoding=\"async\" class=\"alignnone size-full wp-image-577\" src=\"https:\/\/pageperso.lis-lab.fr\/thierry.artieres\/wp-content\/uploads\/2019\/01\/Capture-d\u2019e\u0301cran-2019-01-15-a\u0300-14.05.03.png\" alt=\"\" width=\"1008\" height=\"596\" \/><\/li>\n<\/ul>\n<hr \/>\n<ul>\n<li>Pointeurs\n<ul>\n<li><a href=\"http:\/\/aima.cs.berkeley.edu\/\">Le site de AIMA<\/a> (Artificial Intelligence: a Modern Approach)<\/li>\n<\/ul>\n<\/li>\n<\/ul>\n","protected":false},"excerpt":{"rendered":"<p>Cours ECM 2i\u00e8me ann\u00e9e\u00a0 Voir la description du module [ici] Partie I : R\u00e9solution de probl\u00e8mes Partie II : Jeux \u00e0 deux joueurs avec MinMax et AlphaBeta Partie III : Jeux \u00e0 deux joueurs par apprentissage supervis\u00e9 Utile Utiliser \/ importer les packages dans google colab. Si vous avez copi\u00e9 votre code avec les r\u00e9pertoires&hellip;<\/p>\n","protected":false},"author":2,"featured_media":0,"parent":0,"menu_order":0,"comment_status":"closed","ping_status":"closed","template":"","meta":{"footnotes":""},"class_list":["post-964","page","type-page","status-publish","hentry"],"_links":{"self":[{"href":"https:\/\/pageperso.lis-lab.fr\/thierry.artieres\/index.php?rest_route=\/wp\/v2\/pages\/964","targetHints":{"allow":["GET"]}}],"collection":[{"href":"https:\/\/pageperso.lis-lab.fr\/thierry.artieres\/index.php?rest_route=\/wp\/v2\/pages"}],"about":[{"href":"https:\/\/pageperso.lis-lab.fr\/thierry.artieres\/index.php?rest_route=\/wp\/v2\/types\/page"}],"author":[{"embeddable":true,"href":"https:\/\/pageperso.lis-lab.fr\/thierry.artieres\/index.php?rest_route=\/wp\/v2\/users\/2"}],"replies":[{"embeddable":true,"href":"https:\/\/pageperso.lis-lab.fr\/thierry.artieres\/index.php?rest_route=%2Fwp%2Fv2%2Fcomments&post=964"}],"version-history":[{"count":4,"href":"https:\/\/pageperso.lis-lab.fr\/thierry.artieres\/index.php?rest_route=\/wp\/v2\/pages\/964\/revisions"}],"predecessor-version":[{"id":1243,"href":"https:\/\/pageperso.lis-lab.fr\/thierry.artieres\/index.php?rest_route=\/wp\/v2\/pages\/964\/revisions\/1243"}],"wp:attachment":[{"href":"https:\/\/pageperso.lis-lab.fr\/thierry.artieres\/index.php?rest_route=%2Fwp%2Fv2%2Fmedia&parent=964"}],"curies":[{"name":"wp","href":"https:\/\/api.w.org\/{rel}","templated":true}]}}