{"id":44,"date":"2018-06-30T15:44:13","date_gmt":"2018-06-30T13:44:13","guid":{"rendered":"https:\/\/pageperso.lis-lab.fr\/thierry.artieres\/?page_id=44"},"modified":"2019-10-03T12:04:25","modified_gmt":"2019-10-03T10:04:25","slug":"teaching","status":"publish","type":"page","link":"https:\/\/pageperso.lis-lab.fr\/thierry.artieres\/?page_id=44","title":{"rendered":"Teaching"},"content":{"rendered":"<p>&nbsp;<\/p>\n<hr \/>\n<p>A l&rsquo;Ecole Centrale Marseille<\/p>\n<ul>\n<li>Responsables des cours\n<ol>\n<li><a href=\"https:\/\/pageperso.lis-lab.fr\/thierry.artieres\/?page_id=271\"><em>Intelligence Artificielle et Jeux<\/em> <\/a>en 2A<\/li>\n<li><em><a href=\"https:\/\/pageperso.lis-lab.fr\/thierry.artieres\/?page_id=326\">Machine Learning<\/a>\u00a0<\/em>en <a href=\"https:\/\/wiki.centrale-marseille.fr\/digitale\/\">option 3A Digital.e<\/a><\/li>\n<li><em>Intelligence Artificielle<\/em>\u00a0en <a href=\"https:\/\/wiki.centrale-marseille.fr\/digitale\/\">option 3A Digital.e<\/a><\/li>\n<\/ol>\n<\/li>\n<\/ul>\n<hr \/>\n<p>Dans le\u00a0<a href=\"https:\/\/iaaa.lis-lab.fr\/\">parcours de master IAAA dans la mention Informatique \u00e0 Aix Marseille Universit\u00e9<\/a><\/p>\n<ul>\n<li>Responsable du cours <a href=\"https:\/\/pageperso.lis-lab.fr\/thierry.artieres\/?page_id=375\">Data Science<\/a><\/li>\n<li>Enseignant dans le cours <a href=\"https:\/\/pageperso.lis-lab.fr\/thierry.artieres\/?page_id=402\">Deep Learning<\/a><\/li>\n<\/ul>\n<hr \/>\n<p>Cours en formation continue pour les entreprises<\/p>\n<ul>\n<li>Des offres de cours sont possibles via l&rsquo;ECM, dispens\u00e9s par l&rsquo;\u00e9quipe\u00a0QARMA\u00a0 du LIS et moi-m\u00eame.\n<ul>\n<li>En formats cours (3 \u00e0 5 jours)<\/li>\n<li>G\u00e9n\u00e9riques ou personnalis\u00e9s<\/li>\n<li>Th\u00e8mes :\n<ul>\n<li>Introduction \u00e0 l&rsquo;Apprentissage Automatique<\/li>\n<li>Apprentissage Automatique avanc\u00e9<\/li>\n<li>Deep Learning<\/li>\n<li>D&rsquo;autres th\u00e9matiques de cours sont disponibles par les membres de l&rsquo;\u00e9quipe QARMA voir <a href=\"https:\/\/qarma.lis-lab.fr\/learning-teaching\/training-for-companies-and-academics\/\">ici.<\/a><\/li>\n<\/ul>\n<\/li>\n<\/ul>\n<\/li>\n<\/ul>\n<p>&nbsp;<\/p>\n","protected":false},"excerpt":{"rendered":"<p>&nbsp; A l&rsquo;Ecole Centrale Marseille Responsables des cours Intelligence Artificielle et Jeux en 2A Machine Learning\u00a0en option 3A Digital.e Intelligence Artificielle\u00a0en option 3A Digital.e Dans le\u00a0parcours de master IAAA dans la mention Informatique \u00e0 Aix Marseille Universit\u00e9 Responsable du cours Data Science Enseignant dans le cours Deep Learning Cours en formation continue pour les entreprises&hellip;<\/p>\n","protected":false},"author":2,"featured_media":0,"parent":0,"menu_order":0,"comment_status":"closed","ping_status":"closed","template":"","meta":{"footnotes":""},"class_list":["post-44","page","type-page","status-publish","hentry"],"_links":{"self":[{"href":"https:\/\/pageperso.lis-lab.fr\/thierry.artieres\/index.php?rest_route=\/wp\/v2\/pages\/44","targetHints":{"allow":["GET"]}}],"collection":[{"href":"https:\/\/pageperso.lis-lab.fr\/thierry.artieres\/index.php?rest_route=\/wp\/v2\/pages"}],"about":[{"href":"https:\/\/pageperso.lis-lab.fr\/thierry.artieres\/index.php?rest_route=\/wp\/v2\/types\/page"}],"author":[{"embeddable":true,"href":"https:\/\/pageperso.lis-lab.fr\/thierry.artieres\/index.php?rest_route=\/wp\/v2\/users\/2"}],"replies":[{"embeddable":true,"href":"https:\/\/pageperso.lis-lab.fr\/thierry.artieres\/index.php?rest_route=%2Fwp%2Fv2%2Fcomments&post=44"}],"version-history":[{"count":10,"href":"https:\/\/pageperso.lis-lab.fr\/thierry.artieres\/index.php?rest_route=\/wp\/v2\/pages\/44\/revisions"}],"predecessor-version":[{"id":735,"href":"https:\/\/pageperso.lis-lab.fr\/thierry.artieres\/index.php?rest_route=\/wp\/v2\/pages\/44\/revisions\/735"}],"wp:attachment":[{"href":"https:\/\/pageperso.lis-lab.fr\/thierry.artieres\/index.php?rest_route=%2Fwp%2Fv2%2Fmedia&parent=44"}],"curies":[{"name":"wp","href":"https:\/\/api.w.org\/{rel}","templated":true}]}}