{"id":144,"date":"2018-07-04T01:19:47","date_gmt":"2018-07-03T23:19:47","guid":{"rendered":"https:\/\/pageperso.lis-lab.fr\/thierry.artieres\/?page_id=144"},"modified":"2024-11-26T10:59:09","modified_gmt":"2024-11-26T09:59:09","slug":"former-students","status":"publish","type":"page","link":"https:\/\/pageperso.lis-lab.fr\/thierry.artieres\/?page_id=144","title":{"rendered":"Ph.D. Students"},"content":{"rendered":"<h2>Current Ph.D. students<\/h2>\n<ul>\n<li style=\"list-style-type: none;\">\n<ul>\n<li>Etienne Bost (co-supervision with Thomas Schatz, QARMA, LIS)<\/li>\n<li style=\"list-style-type: none;\"><span>Etude de la perception des sons naturels pour la description automatique de sc\u00e8nes sonores<\/span><\/li>\n<li>Christian Ferreyra (co-supervision with Bruno Giordano, INT) on Studying cerebral representation of sounds with machine learning<\/li>\n<li>Loris Berthelot (co-supervision with Annie Zavagno, LAM, and Fran\u00e7ois-Xavier Dup\u00e9 QARMA, LIS)<\/li>\n<li style=\"list-style-type: none;\"><span>Big Data et Apprentissage automatique pour l\u2019\u00e9tude de la formation stellaire Galactique<\/span><\/li>\n<li>Hamed Benazha (co-supervision with Stephane Ayache, QARMA, LIS)<\/li>\n<li style=\"list-style-type: none;\">\u00a0Explainability and interpretability in recurrent neural networks<\/li>\n<\/ul>\n<\/li>\n<\/ul>\n<h2>Past Ph.D. students<\/h2>\n<ul>\n<li style=\"list-style-type: none;\">\n<ul>\n<li>Swetali Nimje (co-supervision with L. De Rochefort, CRMBM, These ANR IA)<\/li>\n<li style=\"list-style-type: none;\"><span style=\"font-size: inherit; font-family: -apple-system, BlinkMacSystemFont, 'Segoe UI', Roboto, Oxygen-Sans, Ubuntu, Cantarell, 'Helvetica Neue', sans-serif;\">An Evaluation of Scan-Specific Deep-Learning Strategies for Brain MRI Reconstruction, defended November 22nd, 2024.<\/span><\/li>\n<\/ul>\n<\/li>\n<\/ul>\n<ul>\n<li style=\"list-style-type: none;\">\n<ul>\n<li>Malek Senoussi (co-supervision with Paul Villoutreix, LIS, INSERM et Institut Centuri)<\/li>\n<li style=\"list-style-type: none;\"><span style=\"font-size: inherit; font-family: -apple-system, BlinkMacSystemFont, 'Segoe UI', Roboto, Oxygen-Sans, Ubuntu, Cantarell, 'Helvetica Neue', sans-serif;\">A mathematical framework for morpho-transcriptomics, defended July 2nd, 2024.<\/span><\/li>\n<li>Charly Lamothe (co-supervision with Pascal Belin, INT, Sylvain Takerkart, INT, Etinne Thoret INT, et St\u00e9phane Ayache QARMA@LIS), defended December 5, 2023. Now postdoc at Institut Pasteur with <span>\u00a0Brice Bathellier<\/span>.<br \/>\nExploring the vocal brain with deep networks.<\/li>\n<li>Luc Giffon (co-supervision with Hachem Kadri and St\u00e9phane Ayache at LIS), defended December 2020.<br \/>\nApproximations parcimonieuses et m\u00e9thodes \u00e0 noyaux pour la compression de mod\u00e8les d\u2019apprentissage. Now postdoc et ENS Lyon with R\u00e9mi Gribonval.<\/li>\n<li>Mickael Chen (co-supervision with Ludovic Denoyer, Facebook and Paris Sorbonne University), defended July 2020. Now at Valeo (<a href=\"https:\/\/sites.google.com\/view\/mickaelchen\/\">https:\/\/sites.google.com\/view\/mickaelchen\/<\/a>)\n<p xml:lang=\"fr\">Learning with weak supervision using deep generative networks.<\/p>\n<\/li>\n<li>\n<p xml:lang=\"fr\"><span style=\"color: initial; font-family: -apple-system, BlinkMacSystemFont, 'Segoe UI', Roboto, Oxygen-Sans, Ubuntu, Cantarell, 'Helvetica Neue', sans-serif;\">(Miss) Qi Wang (co-supervision with S. Takerkart at INT Marseille)<\/span><span style=\"color: initial; font-family: -apple-system, BlinkMacSystemFont, 'Segoe UI', Roboto, Oxygen-Sans, Ubuntu, Cantarell, 'Helvetica Neue', sans-serif;\">.<\/span><\/p>\n<p>Multisource learning and neuroscience (defended February 2020).<\/li>\n<\/ul>\n<\/li>\n<\/ul>\n<ul>\n<li style=\"list-style-type: none;\">\n<ul>\n<li>Ziyu Guo (co-supervision with Y. Coadou and C. Diaconu at CPPM).<br \/>\nDeep Learning for High Energy Physics (defended July 2019).<\/li>\n<li>(Mister) Qi\u00a0Wang<br \/>\nA generic statistical model for Avatar animation in multiple setting, defended July 2018.<br \/>\nNow: Machine Intelligence Team of DAMO Academy, Alibaba Group (<a class=\"\" href=\"https:\/\/damo.alibaba.com\/\">https:\/\/damo.alibaba.com\/labs\/?lang=en<\/a>)<\/li>\n<li>Jeremie Tafforeau (co-supervision with F. B\u00e9chet et B. Favre at LIF), defended september 2017.<br \/>\nDistributed word representation for information extraction in texts<\/li>\n<li>Gabriella Contardo (co-supervision with L. Denoyer at LIP6, UPMC), defended July 2017.<br \/>\n<a href=\"https:\/\/tel.archives-ouvertes.fr\/tel-01677223\/document\">Machine learning under budget constraints<\/a><br \/>\nNow: <span>Research Fellow in Data Science and Astro @ SISSA<\/span><\/li>\n<li>Olivier Dufour (co-supervision with Mathieu Lecorre (Univ R\u00e9union), defended February 2016.<br \/>\nReconnaissance de chants d&rsquo;oiseaux<\/li>\n<li><a href=\"http:\/\/graphics.cs.uh.edu\/yding\/\">Yu Ding<\/a>\u00a0 (co-supervision with C. Pelachaud at LTCI, Telecom ParisTech), defended September 2014.<br \/>\n<a href=\"https:\/\/pastel.archives-ouvertes.fr\/tel-01354335\">Mod\u00e8le statistique de l&rsquo;animation expressive de la parole et du rire pour un agent conversationnel anim\u00e9<\/a><br \/>\nNow: <del>Postdoc university of Houston<\/del>\u00a0at NetEase in Hangzhou (near Shanghai) leading a team on virtual agents<\/li>\n<li><a href=\"http:\/\/moustaphacisse.com\/\">Moustapha Ciss\u00e9<\/a>\u00a0(co-supervision with Patrick Gallinari at LIP6, UPMC), defended June 2014.<br \/>\n<a href=\"https:\/\/tel.archives-ouvertes.fr\/tel-01142046\/document\">Efficient Extreme Classification<\/a><br \/>\nNow: Researcher at Facebook Artificial Intelligence Research (FAIR).<\/li>\n<li><a href=\"https:\/\/www.linkedin.com\/in\/mathieu-radenen-0bb37a1\/\">Mathieu Radenen<\/a><br \/>\n<a href=\"https:\/\/tel.archives-ouvertes.fr\/tel-01137590\/document\">Contextual Markovian Models<\/a>, defended September 2014.<br \/>\nNow:\u00a0Machine Learning Research Engineer at Audionamix<\/li>\n<li><a href=\"https:\/\/www.linkedin.com\/in\/antoine-vinel-41672940\/\">Antoine Vinel<\/a><br \/>\nR\u00e9seaux de neurones profonds et traitement de s\u00e9quences, defended December 2013.<br \/>\nNow: Researcher (Apple)<\/li>\n<li><a href=\"https:\/\/www.linkedin.com\/in\/yann-soullard-57ab9672\/\">Yann Soullard<\/a> (co-supervision with Bernard Main \/ BBSP-Creo), defended in 2013.<br \/>\nApprentissage statistique et analyse technique pour la pr\u00e9vision de cours financiers<br \/>\nNow: Assistant Professor at Rennes 2 University<\/li>\n<li>Roxana Horincar (co-supervision with Bernd Amann and Nicolas Labroche)<br \/>\nBases de donn\u00e9es, Graphes et apprentissage statistique<br \/>\nNow: Postdoc at Telecom ParisTech<\/li>\n<li>Trinh Minh Tri DO<br \/>\nMod\u00e8les discriminants pour les s\u00e9quences : champs Markoviens conditionnels, maximisation de la marge, defended June 2010.<br \/>\nNow :\u00a0Research engineer at Trusting Social<\/li>\n<li>Juliette Br\u00e9zillon (co-supervised with Charles Tijus)\u00a0\u00bb<br \/>\nOutil d&rsquo;auto-\u00e9valuation pour la conduite automobile<\/li>\n<li><a href=\"https:\/\/www.linkedin.com\/in\/rudy-sicard-1a011b20\/\">Rudy Sicard<\/a><br \/>\nContributions \u00e0 l&rsquo;apprentissage par moyenne Bay\u00e9sienne de mod\u00e8les, defended 2008.<br \/>\nNow: R&amp;D engineer at Criteo<\/li>\n<li><a href=\"https:\/\/www.linkedin.com\/in\/henribinsztok\/\">Henri Binsztok<\/a> (co-supervison with Patrick Gallinari at LIP6, UPMC)<br \/>\nApprentissage de mod\u00e8les Markoviens pour l&rsquo;Analyse de s\u00e9quences, defended in 2005.<br \/>\nNow: Chief Innovation Officer at WALLIX Group<\/li>\n<li>Alexander Estacio-Moreno (co-supervison with Patrick Gallinari)<br \/>\nThesis: Mod\u00e8les d&rsquo;Apprentissage pour l&rsquo;Analyse de la Mobilit\u00e9 : Applications \u00e0 des Parcours de Vie en Colombie<br \/>\nNow: IRD<\/li>\n<li>Sanparith Marukatat (co-supervison with Patrick Gallinari at LIP6, UPMC)<br \/>\nThesis: Une approche g\u00e9n\u00e9rique pour la reconnaissance de signaux \u00e9crits en ligne, defended in 2004.<br \/>\nNow: Researcher, Information Research and Development Division, National Electronics and Computer Technology Center (NECTEC), Thailand<\/li>\n<li>Haifeng Li (co-supervison with Patrick Gallinari at LIP6, UPMC), defended in 2002.<br \/>\nThesis: Traitement de la Variabilit\u00e9 et D\u00e9veloppement de Syst\u00e8mes Robustes pour la Reconnaissance de l&rsquo;Ecriture Manuscrite En-ligne<br \/>\nNow: Professor, School of Computer Science &amp; Technology, Harbin Institute of Technology, China<\/li>\n<\/ul>\n<\/li>\n<\/ul>\n","protected":false},"excerpt":{"rendered":"<p>Current Ph.D. students Etienne Bost (co-supervision with Thomas Schatz, QARMA, LIS) Etude de la perception des sons naturels pour la description automatique de sc\u00e8nes sonores Christian Ferreyra (co-supervision with Bruno Giordano, INT) on Studying cerebral representation of sounds with machine learning Loris Berthelot (co-supervision with Annie Zavagno, LAM, and Fran\u00e7ois-Xavier Dup\u00e9 QARMA, LIS) Big Data&hellip;<\/p>\n","protected":false},"author":2,"featured_media":0,"parent":0,"menu_order":0,"comment_status":"closed","ping_status":"closed","template":"","meta":{"footnotes":""},"class_list":["post-144","page","type-page","status-publish","hentry"],"_links":{"self":[{"href":"https:\/\/pageperso.lis-lab.fr\/thierry.artieres\/index.php?rest_route=\/wp\/v2\/pages\/144","targetHints":{"allow":["GET"]}}],"collection":[{"href":"https:\/\/pageperso.lis-lab.fr\/thierry.artieres\/index.php?rest_route=\/wp\/v2\/pages"}],"about":[{"href":"https:\/\/pageperso.lis-lab.fr\/thierry.artieres\/index.php?rest_route=\/wp\/v2\/types\/page"}],"author":[{"embeddable":true,"href":"https:\/\/pageperso.lis-lab.fr\/thierry.artieres\/index.php?rest_route=\/wp\/v2\/users\/2"}],"replies":[{"embeddable":true,"href":"https:\/\/pageperso.lis-lab.fr\/thierry.artieres\/index.php?rest_route=%2Fwp%2Fv2%2Fcomments&post=144"}],"version-history":[{"count":36,"href":"https:\/\/pageperso.lis-lab.fr\/thierry.artieres\/index.php?rest_route=\/wp\/v2\/pages\/144\/revisions"}],"predecessor-version":[{"id":1238,"href":"https:\/\/pageperso.lis-lab.fr\/thierry.artieres\/index.php?rest_route=\/wp\/v2\/pages\/144\/revisions\/1238"}],"wp:attachment":[{"href":"https:\/\/pageperso.lis-lab.fr\/thierry.artieres\/index.php?rest_route=%2Fwp%2Fv2%2Fmedia&parent=144"}],"curies":[{"name":"wp","href":"https:\/\/api.w.org\/{rel}","templated":true}]}}