{"id":232,"date":"2022-01-04T15:32:44","date_gmt":"2022-01-04T15:32:44","guid":{"rendered":"https:\/\/pageperso.lis-lab.fr\/magalie.ochs\/wordpress\/?page_id=232"},"modified":"2025-02-21T13:43:33","modified_gmt":"2025-02-21T13:43:33","slug":"projects","status":"publish","type":"page","link":"https:\/\/pageperso.lis-lab.fr\/magalie.ochs\/index.php\/projects\/","title":{"rendered":"Research Projects"},"content":{"rendered":"\n<h2 class=\"wp-block-heading\" id=\"current-projects\">Current projects <\/h2>\n\n\n\n<ul class=\"wp-block-list\">\n<li>2022- 2025 : National French Project (ANR) &#8211;<strong> <a href=\"https:\/\/revitalise.lis-lab.fr\/\">REVITALISE &#8211; <em>viRtual bEhaVioral skIlls TrAining for pubLIc SpEaking<\/em><\/a><\/strong> &#8211; <strong><em>Principal Investigator<\/em> <\/strong><br><em>Partners : T\u00e9l\u00e9com Paris, Laboratoire des Sciences du Num\u00e9rique de Nantes (LS2N), Institut des Sciences du Mouvements (ISM), Centre de R\u00e9alit\u00e9 Virtuelle M\u00e9diterran\u00e9e (CRVM) , Umanis Company. <\/em> <\/li>\n<\/ul>\n\n\n<div class=\"wp-block-image\">\n<figure class=\"aligncenter size-full is-resized\"><a href=\"https:\/\/www.youtube.com\/watch?v=bf9FfSJOYG0\"><img loading=\"lazy\" decoding=\"async\" width=\"1433\" height=\"806\" src=\"https:\/\/pageperso.lis-lab.fr\/magalie.ochs\/wp-content\/uploads\/2025\/02\/revitalise.png\" alt=\"\" class=\"wp-image-576\" style=\"width:439px;height:auto\"\/><\/a><figcaption class=\"wp-element-caption\"><em>Demo video of the tool in VR<\/em><\/figcaption><\/figure>\n<\/div>\n\n\n<ul class=\"wp-block-list\">\n<li>Since 2021 : <strong>TRUENESS project : A Virtual Reality Forum Theatre for Discrimination Awaraness<\/strong> &#8211; <strong><em>Principal Investigator<\/em><\/strong><br><em>Partners: <strong> <\/strong>Laboratoire Parole et Langage (LPL), Institut des Sciences du Mouvements (ISM), Centre de R\u00e9alit\u00e9 Virtuelle M\u00e9diterran\u00e9e (CRVM)<\/em><br>This project has received financial support from the CNRS through the MITI interdisciplinary programs, the &#8220;appel unique&#8221; programs and now CNRS Innovation. <em><br><\/em><\/li>\n<\/ul>\n\n\n<div class=\"wp-block-image is-style-default\">\n<figure class=\"aligncenter size-full is-resized\"><a href=\"https:\/\/youtu.be\/mFEIpMAdTuU\"><img loading=\"lazy\" decoding=\"async\" width=\"825\" height=\"461\" src=\"https:\/\/pageperso.lis-lab.fr\/magalie.ochs\/wp-content\/uploads\/2023\/01\/videoTruness.jpg\" alt=\"\" class=\"wp-image-434\" style=\"width:424px;height:236px\" srcset=\"https:\/\/pageperso.lis-lab.fr\/magalie.ochs\/wp-content\/uploads\/2023\/01\/videoTruness.jpg 825w, https:\/\/pageperso.lis-lab.fr\/magalie.ochs\/wp-content\/uploads\/2023\/01\/videoTruness-300x168.jpg 300w, https:\/\/pageperso.lis-lab.fr\/magalie.ochs\/wp-content\/uploads\/2023\/01\/videoTruness-768x429.jpg 768w\" sizes=\"auto, (max-width: 825px) 100vw, 825px\" \/><\/a><figcaption class=\"wp-element-caption\"><em>Video describing the project <\/em><\/figcaption><\/figure>\n<\/div>\n\n<div class=\"wp-block-image\">\n<figure class=\"aligncenter size-full is-resized\"><img loading=\"lazy\" decoding=\"async\" width=\"663\" height=\"298\" src=\"https:\/\/pageperso.lis-lab.fr\/magalie.ochs\/wp-content\/uploads\/2025\/02\/trueness.jpg\" alt=\"\" class=\"wp-image-584\" style=\"width:429px;height:auto\"\/><figcaption class=\"wp-element-caption\"><em>Screenshots of the VR tool<\/em><\/figcaption><\/figure>\n<\/div>\n\n\n<ul class=\"wp-block-list\">\n<li>2020 &#8211; 2024 &#8211; A Marie Sk\u0142odowska-Curie Innovative Training Network (ITN) &#8211; European Project H2020&nbsp; &#8211; <a rel=\"noreferrer noopener\" href=\"http:\/\/www.cobra-network.eu\/\" target=\"_blank\"><strong>COnversational BRAin<\/strong><\/a> &#8211;<em> Scientific leader&nbsp;LIS<\/em><br><em>14 partners on 10 countries<\/em><br><br><\/li>\n\n\n\n<li>&nbsp;2019 &#8211; 2022 &#8211; National French Project (ANR) &#8211; <strong><a href=\"CoPains: Cognitive Planning in Persuasive Multimodal Communication\">CoPains: Cognitive Planning in Persuasive Multimodal Communication<\/a><\/strong>  &#8211; Scientific leader LIS<br><em>Partners<\/em>: 4 research labs (IRIT, LIMSI, LIS et LPL) and 1 company (Davi)<br><br><\/li>\n\n\n\n<li>Since 2022 &#8211; CNRS Project <em>UNIT: Multimodal Evaluation of NLP models with a robot talking head<\/em> &#8211; Co-scientific leader LIS<br><em>TALEP Team project <\/em><br><br><\/li>\n\n\n\n<li>Since 2018 &#8211; Interdisciplinary project  CNRS-ILCB &#8220;BRAIN-IHM: Bases c\u00e9r\u00e9brales de l&#8217;Interaction Humain-Machine&#8221; &#8211; Co-direction<br><em><em>Partners<\/em><\/em>: 3 <em>research labs from Aix Marseille University (LIS, LPL and LNC)<\/em> <br><br><\/li>\n\n\n\n<li>2017- 2025 &#8211; Co-direction of the interdisciplinary research axis \u00ab Conversations and Artificial Agents \u00bb de l\u2019<a rel=\"noreferrer noopener\" href=\"http:\/\/www.ilcb.fr\/\" target=\"_blank\"><strong>Institut convergence ILCB (Institute of Language, Communication and the Brain)<\/strong><\/a><br><\/li>\n<\/ul>\n\n\n\n<h2 class=\"wp-block-heading\" id=\"past-research-projects\">Past research projects <\/h2>\n\n\n\n<ul class=\"wp-block-list\">\n<li>2015 &#8211; 2019 &#8211; National French Project (ANR) : <a href=\"http:\/\/www.lpl-aix.fr\/%7Eacorformed\"><strong>ACORFORMED: Virtual Reality for Training Doctors to Break Bad News<\/strong> <\/a><em>&#8211; Co-Principal Investigator<\/em><br><em>Partners: 4 research labs (LIS, LPL, CRVM, T\u00e9l\u00e9com Paris), 1 company (Immersion), 2 hospitals (IPC and CHU Angers)<\/em><br><br><\/li>\n\n\n\n<li>2018-2021 &#8211; International project STIC-AMSUD <strong>&#8220;<a rel=\"noreferrer noopener\" href=\"http:\/\/projeto.unisinos.br\/empatia\/\" target=\"_blank\">EMPATIA: EMotional Pedagogical Agents for Training, Instruction and learning&#8221;<\/a><\/strong> &#8211; <em>Co-direction<\/em><br><em>Partners: Universidad Nacional de San Juan &#8211; UNSJ (Argentina), Universit\u00e9 de la Vall\u00e9e du Rio dos Sinos (Brazil \u2013 Principal Investigator)<\/em><br><br><\/li>\n\n\n\n<li>2018-2021 &#8211; Interdisciplinary project A*MIDEX (projet d\u2019initiative d\u2019excellence Aix-Marseille Universit\u00e9) <a rel=\"noreferrer noopener\" href=\"http:\/\/www.lpl-aix.fr\/%7Eacorformed\" target=\"_blank\"><strong>PhysSocial : Physiologie des Interactions Sociales avec des Agents Naturels et Artificiels<\/strong><\/a><em> &#8211; Co-direction<\/em><br><em>Partners: 3 research labs from Aix Marseille University (INT, LIS and LPL)<\/em><br><br><\/li>\n\n\n\n<li>2019 &#8211; International project<strong> &#8220;AURORA: French-Norwegian Research Effort on Applied Dialogue Modelling&#8221;<\/strong><br><em>Partners: 2 research labs from Aix Marseille University (LIS and LPL), Oslo University and the Norwegian Computing Center<\/em><\/li>\n<\/ul>\n","protected":false},"excerpt":{"rendered":"<p>Current projects Past research projects<\/p>\n","protected":false},"author":2,"featured_media":0,"parent":0,"menu_order":0,"comment_status":"closed","ping_status":"closed","template":"","meta":{"footnotes":""},"class_list":["post-232","page","type-page","status-publish","hentry"],"_links":{"self":[{"href":"https:\/\/pageperso.lis-lab.fr\/magalie.ochs\/index.php\/wp-json\/wp\/v2\/pages\/232","targetHints":{"allow":["GET"]}}],"collection":[{"href":"https:\/\/pageperso.lis-lab.fr\/magalie.ochs\/index.php\/wp-json\/wp\/v2\/pages"}],"about":[{"href":"https:\/\/pageperso.lis-lab.fr\/magalie.ochs\/index.php\/wp-json\/wp\/v2\/types\/page"}],"author":[{"embeddable":true,"href":"https:\/\/pageperso.lis-lab.fr\/magalie.ochs\/index.php\/wp-json\/wp\/v2\/users\/2"}],"replies":[{"embeddable":true,"href":"https:\/\/pageperso.lis-lab.fr\/magalie.ochs\/index.php\/wp-json\/wp\/v2\/comments?post=232"}],"version-history":[{"count":29,"href":"https:\/\/pageperso.lis-lab.fr\/magalie.ochs\/index.php\/wp-json\/wp\/v2\/pages\/232\/revisions"}],"predecessor-version":[{"id":585,"href":"https:\/\/pageperso.lis-lab.fr\/magalie.ochs\/index.php\/wp-json\/wp\/v2\/pages\/232\/revisions\/585"}],"wp:attachment":[{"href":"https:\/\/pageperso.lis-lab.fr\/magalie.ochs\/index.php\/wp-json\/wp\/v2\/media?parent=232"}],"curies":[{"name":"wp","href":"https:\/\/api.w.org\/{rel}","templated":true}]}}