{"id":40,"date":"2021-12-08T15:49:17","date_gmt":"2021-12-08T14:49:17","guid":{"rendered":"https:\/\/pageperso.lis-lab.fr\/bernard.espinasse\/nouveausite\/?page_id=40"},"modified":"2022-03-02T12:21:54","modified_gmt":"2022-03-02T11:21:54","slug":"publications-2000-2009","status":"publish","type":"page","link":"https:\/\/pageperso.lis-lab.fr\/bernard.espinasse\/index.php\/publications-2000-2009\/","title":{"rendered":"Publications 1995-2004"},"content":{"rendered":"\r\n<h6>Les calanques \/ <em>The calanques<\/em><\/h6>\r\n<h6><img loading=\"lazy\" decoding=\"async\" class=\"alignnone  wp-image-135\" src=\"https:\/\/pageperso.lis-lab.fr\/bernard.espinasse\/wp-content\/uploads\/2021\/12\/bandeau_calanques-4-300x71.gif\" alt=\"\" width=\"565\" height=\"128\" \/><\/h6>\r\n<p class=\"has-normal-font-size wp-block-paragraph\"><span style=\"font-size: 14pt;\"><strong>Revues r\u00e9pertori\u00e9es \/ <em>Referenced Journals<\/em><\/strong><\/span><\/p>\r\n<p><span style=\"font-size: 14pt;\">\r\n\r\n<\/span><\/p>\r\n<ul class=\"wp-block-list\">\r\n<li><span style=\"font-size: 14pt;\">[RJ 01] \u00a0\u00a0\u00a0 L. Cloutier, J.-M. Frayret, S. D&rsquo;amours, <strong>B. Espinasse<\/strong>, B. Montreuil (2001), \u00ab A Commitment-Oriented Framework for Networked Manufacturing Co-ordination \u00bb, in: International Journal of Computer Integrated Manufacturing (<strong>IJCIM<\/strong>), vol. 14, n\u00b0 6, pp. 522-534. (R\u00e9pertori\u00e9e ISI Web of Knowledge).\u00a0 <a href=\"https:\/\/pageperso.lis-lab.fr\/bernard.espinasse\/wp-content\/uploads\/2022\/01\/RJ-01-Cloutier-IJCIM2001.pdf\" target=\"_blank\" rel=\"noopener\">pdf<\/a><\/span><\/li>\r\n<li><span style=\"font-size: 14pt;\">[RJ 98]\u00a0\u00a0\u00a0 <strong>B. Espinasse<\/strong>, E. Tranvouez (1998), \u00ab Ordonnancement d&rsquo;atelier coop\u00e9ratif et r\u00e9actif : une approche multi-agents \u00bb, Journal of Decision Systems (<strong>JDS<\/strong>), Vol. 7, Summer 1998, special issue, Herm\u00e8s Editeur, pp. 215-239. (R\u00e9pertori\u00e9e Scopus et DBLP). <a href=\"https:\/\/pageperso.lis-lab.fr\/bernard.espinasse\/wp-content\/uploads\/2022\/01\/RJ-98-Tranvouez-JDS98.pdf\" target=\"_blank\" rel=\"noopener\">pdf<\/a><\/span><\/li>\r\n<li><span style=\"font-size: 14pt;\">[RJ 97.2]\u00a0\u00a0\u00a0 <strong>B. Espinasse<\/strong>, G. Picolet, E. Chouraqui (1997), \u00ab Negotiation Support Systems : a Multi-Criteria and Multi-Agent Approach \u00bb, European Journal of Operational Research (<strong>EJOR<\/strong>), feature Issues in Artificial Intelligence Tools for Decision Support Systems, Elsevier Sciences \u00e9diteur, Vol.103, n\u00b02, dec. 97, pp. 389-409. (R\u00e9pertori\u00e9e ISI Web of Knowledge). <a href=\"https:\/\/pageperso.lis-lab.fr\/bernard.espinasse\/wp-content\/uploads\/2022\/01\/RJ-97.2-Espinasse-EJOR-97.pdf\" target=\"_blank\" rel=\"noopener\">pdf<\/a><\/span><\/li>\r\n<li><span style=\"font-size: 14pt;\">[RJ 97.1]\u00a0\u00a0\u00a0 <strong>B. Espinasse<\/strong>, D. Nanci (1997) \u00ab Merise et l&rsquo;approche orient\u00e9e objet : du couplage avec OMT \u00e0 une troisi\u00e8me g\u00e9n\u00e9ration \u00bb, Revue <strong>Ing\u00e9nierie des Syst\u00e8mes d&rsquo;Information<\/strong>, Networking and Information Systems, Herm\u00e8s Editeur, Vol.5, n\u00b04, oct. 97. pp. 311-339. (R\u00e9pertori\u00e9e Base Pascal de l\u2019INIST-CNRS). <a href=\"https:\/\/pageperso.lis-lab.fr\/bernard.espinasse\/wp-content\/uploads\/2022\/01\/RJ-95-Espinasse-ISI-1995.pdf\" target=\"_blank\" rel=\"noopener\">pdf<\/a><\/span><\/li>\r\n<li><span style=\"font-size: 14pt;\">[RJ 95]\u00a0\u00a0\u00a0 <strong>B. Espinasse<\/strong>, M. Lai, D. Nanci (1995) \u00ab Merise+ : Une extension de la m\u00e9thode MERISE \u00e0 l&rsquo;approche objet par un apport de la m\u00e9thode HOOD \u00bb, Revue <strong>Ing\u00e9nierie des Syst\u00e8mes d&rsquo;Information<\/strong> \/ Networking and Information Systems, Herm\u00e8s Editeur, Vol. 3, n\u00b02-3, 1995, pp. 301-325. (R\u00e9pertori\u00e9e Base Pascal de l\u2019INIST-CNRS). <a href=\"https:\/\/pageperso.lis-lab.fr\/bernard.espinasse\/wp-content\/uploads\/2022\/01\/RJ-95-Espinasse-ISI-1995.pdf\" target=\"_blank\" rel=\"noopener\">pdf<\/a><\/span><\/li>\r\n<\/ul>\r\n<p><span style=\"font-size: 14pt;\">\r\n\r\n<\/span><\/p>\r\n<p class=\"wp-block-paragraph\"><span style=\"font-size: 14pt;\"><strong>Direction d&rsquo;ouvrage \/ <em>Proceeding Editions<\/em><\/strong><\/span><\/p>\r\n<p><span style=\"font-size: 14pt;\">\r\n\r\n<\/span><\/p>\r\n<ul class=\"wp-block-list\">\r\n<li><span style=\"font-size: 14pt;\">[PE 04]\u00a0\u00a0\u00a0 H. Coelho, <strong>B. Espinasse<\/strong> Eds., Proceeding of the 5th International Workshop on Agent-Based Simulation \u2013 ABS04, May 3-5, 2004, Lisbon, Portugal. SCS publication, n\u00b0 ISBN 3-936150-31-1.<\/span>\r\n<p><span style=\"font-size: 14pt;\"><img loading=\"lazy\" decoding=\"async\" class=\"alignnone  wp-image-189\" src=\"https:\/\/pageperso.lis-lab.fr\/bernard.espinasse\/wp-content\/uploads\/2021\/12\/ABS04-Proceedings-213x300.gif\" alt=\"\" width=\"225\" height=\"366\" \/><\/span><\/p>\r\n<\/li>\r\n<\/ul>\r\n<p><span style=\"font-size: 14pt;\">\r\n\r\n<\/span><\/p>\r\n<p class=\"wp-block-paragraph\"><span style=\"font-size: 14pt;\"><strong>Livres \/ <em>Books<\/em><\/strong><\/span><\/p>\r\n<p><span style=\"font-size: 14pt;\">\r\n\r\n<\/span><\/p>\r\n<ul class=\"wp-block-list\">\r\n<li><span style=\"font-size: 14pt;\">[BK 01] \u00a0\u00a0\u00a0 Nanci D., <strong>B. Espinasse<\/strong> avec la collaboration de B. Cohen, J.C. Asselborn et H. Heckenroth (2001), \u00a0<strong><em>Ing\u00e9nierie des syst\u00e8mes d&rsquo;information : Merise deuxi\u00e8me g\u00e9n\u00e9ration<\/em><\/strong>, 4\u00b0 \u00e9dition \u2013 enti\u00e8rement revue et accompagn\u00e9e d\u2019un CD-ROM, Vuibert Informatique, Paris. ISBN : 2-7117-8674-9 (416 pages). Pr\u00e9face de J. L. Le Moigne et H. Tardieu. Premi\u00e8re \u00e9dition sortie en 1992.<\/span><\/li>\r\n<\/ul>\r\n<p><span style=\"font-size: 14pt;\"> \u00a0 \u00a0\u00a0 <img loading=\"lazy\" decoding=\"async\" class=\"alignnone  wp-image-192\" src=\"https:\/\/pageperso.lis-lab.fr\/bernard.espinasse\/wp-content\/uploads\/2021\/12\/LivreMerise-2001a-212x300.gif\" alt=\"\" width=\"230\" height=\"328\" \/> \u00a0 \u00a0 \u00a0\u00a0 <img loading=\"lazy\" decoding=\"async\" class=\"alignnone  wp-image-191\" src=\"https:\/\/pageperso.lis-lab.fr\/bernard.espinasse\/wp-content\/uploads\/2021\/12\/LivreMerise-2001b-221x300.gif\" alt=\"\" width=\"239\" height=\"318\" \/><br \/><\/span><\/p>\r\n<p><span style=\"font-size: 14pt;\">\r\n\r\n<\/span><\/p>\r\n<p class=\"wp-block-paragraph\"><span style=\"font-size: 14pt;\"><strong>Chapitres de livres \/ <em>Chapters in books<\/em><\/strong><\/span><\/p>\r\n<p><span style=\"font-size: 14pt;\">\r\n\r\n<\/span><\/p>\r\n<ul class=\"wp-block-list\">\r\n<li><span style=\"font-size: 14pt;\">[CH 01.2]\u00a0\u00a0\u00a0 F. Ounar, E. Tranvouez, <strong>B. Espinasse<\/strong>, L. Ladet, (2001) chapitre 4 : Pilotage par tentative d&rsquo;ajustement du plan pr\u00e9visionnel, In Pilotage des syst\u00e8mes de production, Herm\u00e9s Ed., ISBN 2-7462-0514-9, pp. 27-61. <a href=\"https:\/\/pageperso.lis-lab.fr\/bernard.espinasse\/wp-content\/uploads\/2022\/01\/OS-01.2-Ounar-Chap4-HERMES-2001.pdf\" target=\"_blank\" rel=\"noopener\">pdf<\/a><\/span><\/li>\r\n<li><span style=\"font-size: 14pt;\">[CH 01.1]\u00a0\u00a0\u00a0 D. H\u00e9rin, <strong>B. Espinasse<\/strong>, E. Andonoff, C. Hanachi, (2001) chapitre 8 : Des syst\u00e8mes d&rsquo;information coop\u00e9ratifs aux agents informationnels. In Ing\u00e9nierie des syst\u00e8mes d&rsquo;information. Herm\u00e9s Ed., ISBN 2-7462-0219-0, pp. 209-244.\u00a0 <a href=\"https:\/\/pageperso.lis-lab.fr\/bernard.espinasse\/wp-content\/uploads\/2022\/01\/OS-01.1-Andonoff-ISI-Chap8.pdf\" target=\"_blank\" rel=\"noopener\">pdf<\/a><\/span><\/li>\r\n<li><span style=\"font-size: 14pt;\">[CH 98]\u00a0\u00a0\u00a0 <strong>B. Espinasse<\/strong>, L. Cloutier, P. Lefran\u00e7ois (1998) A Coordination Framework for Intelligent Agents in the Distributed Enterprise , in Globalization of Manufacturing in the Digital Communications Era of the 21st Century : Innovation, Agility and the Virtual Enterprise, Edited by G.Jacucci, G.J.Olling, K.Preiss, M.Wozny, Kluwer Academic Publishers, pp 565-578. <a href=\"https:\/\/pageperso.lis-lab.fr\/bernard.espinasse\/wp-content\/uploads\/2022\/01\/OS-98-Cloutier-1998.pdf\" target=\"_blank\" rel=\"noopener\">pdf<\/a><br \/><\/span><\/li>\r\n<\/ul>\r\n<p><span style=\"font-size: 14pt;\">\r\n\r\n<\/span><\/p>\r\n<p class=\"wp-block-paragraph\"><span style=\"font-size: 14pt;\"><strong>Article dans des conf\u00e9rences internationales \/ <em>Papers in international conferences<\/em><\/strong><\/span><\/p>\r\n<p><span style=\"font-size: 14pt;\">\r\n\r\n<\/span><\/p>\r\n<ul class=\"wp-block-list\">\r\n<li><span style=\"font-size: 14pt;\">[IC 04]\u00a0\u00a0\u00a0 O. Labarthe, Montreuil B., A. Ferrarini, <strong>B. Espinasse<\/strong> (2004), \u00ab Mod\u00e9lisation multi-agents pour la simulation de cha\u00eenes logistiques de type personnalisation de masse \u00bb, MOSIM 04, 5eme Conf\u00e9rence Francophone de Mod\u00e9lisation et Simulation, Nantes, France, 1-3 Septembre 2004. <a href=\"https:\/\/pageperso.lis-lab.fr\/bernard.espinasse\/wp-content\/uploads\/2022\/01\/IC-04-Labarthe-MOSIM04.pdf\" target=\"_blank\" rel=\"noopener\">pdf<\/a><\/span><\/li>\r\n<li><span style=\"font-size: 14pt;\">[IC 03.3]\u00a0\u00a0\u00a0 O. Labarthe, E. Tranvouez, A. Ferrarini, <strong>B. Espinasse<\/strong>, B. Montreuil (2003), \u00ab Cadre de coordination distribu\u00e9 de cha\u00eenes logistiques par mesure de performances, CIGI 2003, 5eme Congr\u00e8s International de G\u00e9nie Industriel, 26-29 octobre 2003, Qu\u00e9bec, Canada. <a href=\"https:\/\/pageperso.lis-lab.fr\/bernard.espinasse\/wp-content\/uploads\/2022\/01\/IC-03.3-Labarthe-GI-2003.pdf\" target=\"_blank\" rel=\"noopener\">pdf<\/a><\/span><\/li>\r\n<li><span style=\"font-size: 14pt;\">[IC 03.2]\u00a0\u00a0\u00a0 O. Labarthe, E. Tranvouez, A. Ferrarini, <strong>B. Espinasse<\/strong>, B. Montreuil (2003), \u00ab A Heterogeneous Multi-Agent Modelling for Distributed Simulation of Supply Chains \u00bb, HoloMAS 2003, First International Conference on Applications of Holonic and Multi-Agent System, Pragues, September 1-3, 2003. <a href=\"https:\/\/pageperso.lis-lab.fr\/bernard.espinasse\/wp-content\/uploads\/2022\/01\/IC-03.2-Labarthe-HOLOMAS03.pdf\" target=\"_blank\" rel=\"noopener\">pdf<\/a><\/span><\/li>\r\n<\/ul>\r\n<div><span style=\"font-size: 14pt;\"><strong>Article dans des conf\u00e9rences nationales \/ <em>Papers in national conferences<\/em><\/strong><\/span><\/div>\r\n<ul>\r\n<li><span style=\"font-size: 14pt;\">[NC 00]\u00a0\u00a0\u00a0 N. Franchesquin, <strong>B. Espinasse<\/strong> (2000), \u00ab Mod\u00e9lisation multi-agents de la gestion hydraulique de la Camargue : consid\u00e9rations m\u00e9thodologiques \u00bb. In 8\u00b0Journ\u00e9es francophones d\u2019intelligence artificielle et syst\u00e8mes multi-agents, JFIADSMA 2000, Herm\u00e9s Ed., St Etienne, 2-4 Octobre 2000. <a href=\"https:\/\/pageperso.lis-lab.fr\/bernard.espinasse\/wp-content\/uploads\/2022\/01\/NC-00-Franchesquin-JFIADSMA2000.pdf\" target=\"_blank\" rel=\"noopener\">pdf<\/a><\/span><\/li>\r\n<li><span style=\"font-size: 14pt;\">[NC 99.2]\u00a0\u00a0\u00a0 E. Tranvouez, <strong>B. Espinasse<\/strong> (1999), \u00ab Protocoles de coop\u00e9ration pour le r\u00e9ordonnancement d&rsquo;atelier \u00bb. JFIADSMA 99, 7\u00b0 Journ\u00e9es francophones d\u2019intelligence artificielle et syst\u00e8mes multi-agents -, Herm\u00e9s Ed., Saint-Gilles, La r\u00e9union, 8-10 nov. 1999. <a href=\"https:\/\/pageperso.lis-lab.fr\/bernard.espinasse\/wp-content\/uploads\/2022\/01\/NC-99.2-Tranvouez-JFIAD-99.pdf\" target=\"_blank\" rel=\"noopener\">pdf<\/a><\/span><\/li>\r\n<li><span style=\"font-size: 14pt;\">[NC 98.6]\u00a0\u00a0\u00a0 N. Franchesquin, <strong>B. Espinasse<\/strong> (1998), \u00ab Application multi-agents \u00e0 la gestion collective de l&rsquo;eau de drainage en Camargue \u00bb, SMAGET 98, Syst\u00e8mes Multi-Agents pour la Gestion de l&rsquo;Environnement et le Territoire, ENGREF, Clermont-Ferrand, France, 5-8 octobre 1998.<\/span><\/li>\r\n<li><span style=\"font-size: 14pt;\">[NC 98.3]\u00a0\u00a0\u00a0 C. Cauvet, D. Rieu, <strong>B. Espinasse<\/strong>, J.P. Giraudin, M. Tollenaere (1998), \u00ab Ing\u00e9nierie des syst\u00e8mes d&rsquo;information produit : une approche m\u00e9thodologique centr\u00e9e r\u00e9utilisation de patrons \u00bb, INFORSID 98, Montpellier, 13-15 mai, 1998. <a href=\"https:\/\/pageperso.lis-lab.fr\/bernard.espinasse\/wp-content\/uploads\/2022\/01\/NC-98.3-Cauvet-Inforsid98.pdf\" target=\"_blank\" rel=\"noopener\">pdf<\/a><\/span><\/li>\r\n<\/ul>\r\n<div><span style=\"font-size: 14pt;\"><strong><big>Conf\u00e9rences sans acte<\/big>\/ <em><big>Conferences without Proceedings (C)<\/big><\/em><\/strong><\/span><\/div>\r\n<ul>\r\n<li><span style=\"font-size: 14pt;\">[C 03]\u00a0\u00a0\u00a0 N. Franchesquin, <strong>B. Espinasse<\/strong>, Serment\u00a0 J. (2003), \u00ab Modelling and Simulation of the hydraulic management of the Camargue ecosystem with a multi-agent system \u00bb, ICAMES, Istanbul, Turkey, May 2003.<\/span><\/li>\r\n<li><span style=\"font-size: 14pt;\">[C 02]\u00a0\u00a0\u00a0 J. Serment, <strong>B. Espinasse<\/strong> (2002), \u00ab Une architecture multi-agents pour la simulation de mod\u00e8les individus-centr\u00e9s d\u2019\u00e9cosyst\u00e8mes anthropis\u00e9s \u00bb, JDL6, Journ\u00e9es des Doctorants du LSIS, pp. 109-116, Marseille, 8 d\u00e9cembre 2002.<\/span><\/li>\r\n<li><span style=\"font-size: 14pt;\">[C 98]\u00a0\u00a0\u00a0 L. Cloutier, P. Lefran\u00e7ois, <strong>B. Espinasse<\/strong> (1998), \u00ab The Netman Software Architecture \u00bb, CORS\/INFORMS, Bridging Continents and Cultures, Spring 98, Montr\u00e9al, Canada, April 26-29, 1998.<\/span><\/li>\r\n<li><span style=\"font-size: 14pt;\">[C 97]\u00a0\u00a0\u00a0 <strong>B. Espinasse<\/strong>, E. Tranvouez (1997), \u00ab Ordonnancement d&rsquo;atelier coop\u00e9ratif et r\u00e9actif : une approche multi-agents \u00bb, EURO 1997, 15th European Conf\u00e9rence on Operational Research : Conference on DSS, Groupware, Multimedia, Electronic commerce, Bruges, Belgique, March 24-27, 1997.<\/span><\/li>\r\n<li><span style=\"font-size: 14pt;\">[C 96]\u00a0\u00a0\u00a0 <strong>B. Espinasse<\/strong>, G. Picolet (1996), \u00ab Multiagent Systems for Group Decision Support: A Multicriteria and Multiagents System for Negociation Support \u00bb, EURO 1996, 14th European Conf\u00e9rence on Operational Research : Towards Intelligent Decision Support, Jerusalem, Isra\u00ebl, July 3-6, 1996.<\/span><\/li>\r\n<\/ul>\r\n<div><span style=\"font-size: 14pt;\"><big><span style=\"font-size: 14pt;\"><strong>Autres publications\/rapport de contrats \/ <em>Research Reports (REP)<\/em><\/strong><\/span><br \/><\/big><\/span><\/div>\r\n<ul>\r\n<li><span style=\"font-size: 14pt;\">[REP 06]\u00a0\u00a0\u00a0 E. Maill\u00e9, <strong>B. Espinasse<\/strong>, \u00ab Vers un outil d\u2019aide \u00e0 la d\u00e9cision pour l\u2019estimation du risque d\u2019incendie de for\u00eat li\u00e9 \u00e0 l\u2019urbnisation par mod\u00e9lisation et simulation de dynamiques de transformation des espaces \u00bb, CEMAGREF Aix-en-Provence \/ LSIS UMR CNRS 7296.<\/span><\/li>\r\n<li><span style=\"font-size: 14pt;\">[REP 03]\u00a0\u00a0\u00a0 <strong>B. Espinasse<\/strong>, N. Franchesquin. Rapports de fin de phase 3 (Rapport final) du projet Simfonhyc financ\u00e9 par la r\u00e9gion PACA.<\/span><\/li>\r\n<li><span style=\"font-size: 14pt;\">[REP 02]\u00a0\u00a0\u00a0 <strong>B. Espinasse<\/strong>, N. Franchesquin. Rapports de fin de phase 2 du projet Simfonhyc financ\u00e9 par la r\u00e9gion PACA.<\/span><\/li>\r\n<li><span style=\"font-size: 14pt;\">[REP 99] \u00a0\u00a0\u00a0 M. Tollenenaere (Coordinateur) et al., Rapport d&rsquo;avancement du projet Poseidon, Programme CNRS \u00ab PROSPER \u00bb (Syst\u00e8me de Production : strat\u00e9gie, conception et gestion), GILCO-INPG, CRISTO-CNRS, LSR-INPG, DIAM-IUSPIM, SCHNEIDER ELECTRIC, PCO, f\u00e9vrier 99.<\/span><\/li>\r\n<li><span style=\"font-size: 14pt;\">[REP 99]\u00a0\u00a0\u00a0 <strong>B. Espinasse<\/strong>, N. Franchesquin. Rapports de fin de phase 1 du projet Simfonhyc financ\u00e9 par la r\u00e9gion PACA, mai 1999.<\/span><\/li>\r\n<li><span style=\"font-size: 14pt;\">[REP 93\/95]\u00a0\u00a0\u00a0 <strong>B. Espinasse<\/strong>, M. Lai, D. Nanci, Rapports de fin de lot 1 : \u00ab Etude\u201d et de fin de lot 2 : \u00ab D\u00e9finition de Merise+ \u00bb, dans le cadre du projet MERISE+ sur le rapprochement des m\u00e9thodes MERISE et HOOD (conception orient\u00e9e objets), projet subventionn\u00e9 par le Minist\u00e8re de l&rsquo;Industrie dans le cadre du programme \u00ab\u00a0Informatique 92\u00a0\u00bb, 1993-1995.<\/span><\/li>\r\n<\/ul>\r\n<div><span style=\"font-size: 12pt;\"><strong><big>Habilitation \u00e0 Diriger des Recherches<\/big><big>(HDR)\/ <em>Accreditation to supervise research<\/em><\/big><\/strong><\/span><\/div>\r\n<ul>\r\n<li><span style=\"font-size: 14pt;\">[HdR95] \u00a0\u00a0\u00a0 <strong>B. Espinasse<\/strong>, \u201cContribution \u00e0 l&rsquo;ing\u00e9nierie des syst\u00e8mes d&rsquo;information intelligents, distribu\u00e9s et coop\u00e9ratifs\u201d, Habilitation \u00e0 Diriger des Recherches en Sciences (Informatique), Universit\u00e9 Aix-Marseille 3, 29 mai 1995. <\/span><a href=\"https:\/\/pageperso.lis-lab.fr\/bernard.espinasse\/wp-content\/uploads\/2021\/12\/HdR-95-Espinasse-1995.pdf\" target=\"_blank\" rel=\"noopener\"><span style=\"font-size: 14pt;\">pdf<\/span><\/a><\/li>\r\n<\/ul>\r\n","protected":false},"excerpt":{"rendered":"<p>Les calanques \/ The calanques Revues r\u00e9pertori\u00e9es \/ Referenced Journals [RJ 01] \u00a0\u00a0\u00a0 L. Cloutier, J.-M. Frayret, S. D&rsquo;amours, B. Espinasse, B. Montreuil (2001), \u00ab A Commitment-Oriented Framework for Networked Manufacturing Co-ordination \u00bb, in: International Journal of Computer Integrated Manufacturing (IJCIM), vol. 14, n\u00b0 6, pp. 522-534. (R\u00e9pertori\u00e9e ISI Web of Knowledge).\u00a0 pdf [RJ 98]\u00a0\u00a0\u00a0 &hellip; <\/p>\n<p class=\"link-more\"><a href=\"https:\/\/pageperso.lis-lab.fr\/bernard.espinasse\/index.php\/publications-2000-2009\/\" class=\"more-link\">Continuer la lecture <span class=\"screen-reader-text\"> \u00ab\u00a0Publications 1995-2004\u00a0\u00bb<\/span><\/a><\/p>\n","protected":false},"author":2,"featured_media":0,"parent":0,"menu_order":0,"comment_status":"closed","ping_status":"closed","template":"","meta":{"_crdt_document":"","footnotes":""},"class_list":["post-40","page","type-page","status-publish","hentry","entry"],"_links":{"self":[{"href":"https:\/\/pageperso.lis-lab.fr\/bernard.espinasse\/index.php\/wp-json\/wp\/v2\/pages\/40","targetHints":{"allow":["GET"]}}],"collection":[{"href":"https:\/\/pageperso.lis-lab.fr\/bernard.espinasse\/index.php\/wp-json\/wp\/v2\/pages"}],"about":[{"href":"https:\/\/pageperso.lis-lab.fr\/bernard.espinasse\/index.php\/wp-json\/wp\/v2\/types\/page"}],"author":[{"embeddable":true,"href":"https:\/\/pageperso.lis-lab.fr\/bernard.espinasse\/index.php\/wp-json\/wp\/v2\/users\/2"}],"replies":[{"embeddable":true,"href":"https:\/\/pageperso.lis-lab.fr\/bernard.espinasse\/index.php\/wp-json\/wp\/v2\/comments?post=40"}],"version-history":[{"count":34,"href":"https:\/\/pageperso.lis-lab.fr\/bernard.espinasse\/index.php\/wp-json\/wp\/v2\/pages\/40\/revisions"}],"predecessor-version":[{"id":1574,"href":"https:\/\/pageperso.lis-lab.fr\/bernard.espinasse\/index.php\/wp-json\/wp\/v2\/pages\/40\/revisions\/1574"}],"wp:attachment":[{"href":"https:\/\/pageperso.lis-lab.fr\/bernard.espinasse\/index.php\/wp-json\/wp\/v2\/media?parent=40"}],"curies":[{"name":"wp","href":"https:\/\/api.w.org\/{rel}","templated":true}]}}