{"id":157,"date":"2021-12-09T11:45:11","date_gmt":"2021-12-09T10:45:11","guid":{"rendered":"https:\/\/pageperso.lis-lab.fr\/bernard.espinasse\/nouveausite\/?page_id=157"},"modified":"2021-12-15T22:21:50","modified_gmt":"2021-12-15T21:21:50","slug":"157-2","status":"publish","type":"page","link":"https:\/\/pageperso.lis-lab.fr\/bernard.espinasse\/index.php\/157-2\/","title":{"rendered":"Biographie"},"content":{"rendered":"<ul>\n<li><span style=\"font-size: 14pt;\">Apr\u00e8s un dipl\u00f4me d&rsquo;ing\u00e9nieur de l&rsquo;Ecole Nationale Sup\u00e9rieure des Arts et M\u00e9tiers (ENSAM) en 1977, j&rsquo;ai obtenu un Master professionnel en administration des entreprises (DESS CAAE) \u00e0 l&rsquo;IAE d&rsquo;Aix-en-Provence (1978), et un master recherche (DEA) en sciences \u00e9conomiques \u00e0 Aix-Marseille Universit\u00e9 &#8211; AMU (1979). En 1981 je soutiens une th\u00e8se de docteur en syst\u00e8mes d&rsquo;information dans cette m\u00eame universit\u00e9, en tant qu&rsquo;allocataire de recherche CNRS au laboratoire GRASCE (URA CNRS), sous la direction du Pr. Jean-Louis Le Moigne.<\/span><\/li>\n<\/ul>\n<ul>\n<li><span style=\"font-size: 14pt;\">Les trois ann\u00e9es suivantes, je suis chef de projets au d\u00e9partement informatique dans la soci\u00e9t\u00e9 COMEX (1981-1983).<\/span><\/li>\n<li><span style=\"font-size: 14pt;\">Je suis professeur adjoint (assistant) \u00e0 l&rsquo;Universit\u00e9 Laval, Qu\u00e9bec, Canada, dans le d\u00e9partement \u00ab\u00a0Syst\u00e8mes d&rsquo;Information\u00a0\u00bb de la Facult\u00e9 des Sciences de l&rsquo;Administration (1983-1987), o\u00f9 j&rsquo;enseigne en MBA. En 1987, je suis de retour en France et responsable scientifique du d\u00e9partement formation de l&rsquo;IIRIAM (Institut International de Robotique et d&rsquo;Intelligence Artificielle de Marseille).<\/span><\/li>\n<li><span style=\"font-size: 14pt;\">De 1987 \u00e0 1996, je suis Ma\u00eetre de Conf\u00e9rence en informatique (section 27) \u00e0 l&rsquo;AMU, o\u00f9 j&rsquo;interviens dans le programme MIAGE de la Facult\u00e9 d&rsquo;Economie Appliqu\u00e9e. En 1995, je soutiens une HDR (Habilitation \u00e0 diriger des recherches) dans cette m\u00eame universit\u00e9. De 1988 \u00e0 1995, j&rsquo;ai \u00e9t\u00e9 aussi directeur scientifique de l&rsquo;Institut Syst\u00e9mia, Institut de formation et de recherche et d\u00e9veloppement en informatique avanc\u00e9e, o\u00f9 j&rsquo;ai mont\u00e9 un Mast\u00e8re Sp\u00e9cialis\u00e9 en syst\u00e8mes d&rsquo;information et intelligence artificielle, et particip\u00e9 \u00e0 plusieurs projets de R&amp;D, dont un projet europ\u00e9en Brite-Euram.<\/span><\/li>\n<li><span style=\"font-size: 14pt;\">Depuis 1996 je suis Professeur des Universit\u00e9s en Informatique (actuellement classe exceptionnelle 2 CNU) \u00e0 l&rsquo;AMU, \u00e0 l&rsquo;Ecole Polytechnique Universitaire de Marseille (EPUM-Polytech Marseille). Notons que j&rsquo;ai \u00e9t\u00e9 nomm\u00e9 professeur associ\u00e9 au d\u00e9partement d\u2019informatique de l\u2019universit\u00e9 Laval (Qu\u00e9bec-Canada) pour la p\u00e9riode 2001-2004.<\/span><\/li>\n<li><span style=\"font-size: 14pt;\">Du cot\u00e9 recherche, je suis membre du LIS UMR CNRS 7020 (Laboratoire\u00a0 d&rsquo;Informaytique et Syst\u00e8mes), issu de la fusion du LSIS et du LIF en janvier 2018, dans le P\u00f4le \u00ab\u00a0Sciences des donn\u00e9es\u00a0\u00bb. J&rsquo;avais activement particip\u00e9 \u00e0 la cr\u00e9ation en 2000 du LSIS UMR CNRS 7296 (Laboratoire des Sciences de l&rsquo;Information et des Syst\u00e8mes), dans lequel j&rsquo;ai dirig\u00e9 une \u00e9quipe de recherche durant une quinzaine d&rsquo;ann\u00e9es.<\/span><\/li>\n<li><span style=\"font-size: 14pt;\">Mes travaux de recherche actuels concernent\u00a0 d&rsquo;une part l&rsquo;extraction automatique d&rsquo;information par apprentissage (text mining), et d&rsquo;autre part la conception de syst\u00e8mes d&rsquo;aide \u00e0 la d\u00e9cision \u00e0 base d&rsquo;agents (agent based simulation) et les jeux s\u00e9rieux, d&rsquo;ontologie, ou d&rsquo;entrep\u00f4ts de donn\u00e9es.<\/span><\/li>\n<li><span style=\"font-size: 14pt;\">Durant une vingtaine d&rsquo;ann\u00e9es, j&rsquo;ai encadr\u00e9 ou co-encadr\u00e9 une vingtaine de th\u00e8ses de doctorat, j&rsquo;ai publi\u00e9 se nombreux articles dans des journaux nationaux ou internationaux, une centaine d&rsquo;articles dans des conf\u00e9rences internationales, je suis co-auteur d&rsquo;un ouvrage p\u00e9dagogique (4 \u00e9ditions) sur la conception de syst\u00e8mes d&rsquo;information, et j&rsquo;ai co-\u00e9dit\u00e9 les actes d&rsquo;une conf\u00e9rence internationale. Je suis aussi membre de plusieurs comit\u00e9s d&rsquo;\u00e9dition de revues, nationales ou internationales, et j&rsquo;ai particip\u00e9 \u00e0 de nombreux comit\u00e9s de programme de conf\u00e9rences principalement internationales.<\/span><\/li>\n<li><span style=\"font-size: 14pt;\">Je suis r\u00e9guli\u00e8rement sollicit\u00e9 pour diverses expertises de projets de recherche notamment pour ANR (Agence Nationale de la Recherche), ou pour le CRSNG, le FCAR, et MITAC Canadien, d&rsquo;expertises de laboratoires de recherche pour l&rsquo;HCERES. Enfin je suis r\u00e9guli\u00e8rement sollicit\u00e9 pour dans des comit\u00e9s de s\u00e9lection d&rsquo;enseignants-chercheurs, des jurys de th\u00e8ses et de HDRs, et j&rsquo;ai si\u00e9g\u00e9 au CNU (Comit\u00e9 National des Universit\u00e9s) de 2000 \u00e0 2003.<\/span><\/li>\n<li><span style=\"font-size: 14pt;\">Enfin, j&rsquo;ai \u00e9t\u00e9 invit\u00e9 par l&rsquo;Universit\u00e9 Laval, Qu\u00e9bec, Canada (\u00e9t\u00e9 2000 et automne 2004), ainsi que par l\u2019Universit\u00e9 F\u00e9d\u00e9rale de Pernambuco (UFPE) et l\u2019Universit\u00e9 F\u00e9d\u00e9rale Rurale de Pernambuco (UFPE), Recife, Br\u00e9sil en \u00e9t\u00e9 2007, printemps 2008 et printemps 2019.<\/span><\/li>\n<\/ul>\n<p><!--more--><\/p>\n","protected":false},"excerpt":{"rendered":"<p>Apr\u00e8s un dipl\u00f4me d&rsquo;ing\u00e9nieur de l&rsquo;Ecole Nationale Sup\u00e9rieure des Arts et M\u00e9tiers (ENSAM) en 1977, j&rsquo;ai obtenu un Master professionnel en administration des entreprises (DESS CAAE) \u00e0 l&rsquo;IAE d&rsquo;Aix-en-Provence (1978), et un master recherche (DEA) en sciences \u00e9conomiques \u00e0 Aix-Marseille Universit\u00e9 &#8211; AMU (1979). En 1981 je soutiens une th\u00e8se de docteur en syst\u00e8mes d&rsquo;information &hellip; <\/p>\n<p class=\"link-more\"><a href=\"https:\/\/pageperso.lis-lab.fr\/bernard.espinasse\/index.php\/157-2\/\" class=\"more-link\">Continuer la lecture <span class=\"screen-reader-text\"> \u00ab\u00a0Biographie\u00a0\u00bb<\/span><\/a><\/p>\n","protected":false},"author":2,"featured_media":0,"parent":0,"menu_order":0,"comment_status":"closed","ping_status":"closed","template":"","meta":{"_crdt_document":"","footnotes":""},"class_list":["post-157","page","type-page","status-publish","hentry","entry"],"_links":{"self":[{"href":"https:\/\/pageperso.lis-lab.fr\/bernard.espinasse\/index.php\/wp-json\/wp\/v2\/pages\/157","targetHints":{"allow":["GET"]}}],"collection":[{"href":"https:\/\/pageperso.lis-lab.fr\/bernard.espinasse\/index.php\/wp-json\/wp\/v2\/pages"}],"about":[{"href":"https:\/\/pageperso.lis-lab.fr\/bernard.espinasse\/index.php\/wp-json\/wp\/v2\/types\/page"}],"author":[{"embeddable":true,"href":"https:\/\/pageperso.lis-lab.fr\/bernard.espinasse\/index.php\/wp-json\/wp\/v2\/users\/2"}],"replies":[{"embeddable":true,"href":"https:\/\/pageperso.lis-lab.fr\/bernard.espinasse\/index.php\/wp-json\/wp\/v2\/comments?post=157"}],"version-history":[{"count":9,"href":"https:\/\/pageperso.lis-lab.fr\/bernard.espinasse\/index.php\/wp-json\/wp\/v2\/pages\/157\/revisions"}],"predecessor-version":[{"id":1107,"href":"https:\/\/pageperso.lis-lab.fr\/bernard.espinasse\/index.php\/wp-json\/wp\/v2\/pages\/157\/revisions\/1107"}],"wp:attachment":[{"href":"https:\/\/pageperso.lis-lab.fr\/bernard.espinasse\/index.php\/wp-json\/wp\/v2\/media?parent=157"}],"curies":[{"name":"wp","href":"https:\/\/api.w.org\/{rel}","templated":true}]}}