{"id":1519,"date":"2022-02-03T13:33:40","date_gmt":"2022-02-03T12:33:40","guid":{"rendered":"https:\/\/pageperso.lis-lab.fr\/bernard.espinasse\/?page_id=1519"},"modified":"2022-02-03T13:43:36","modified_gmt":"2022-02-03T12:43:36","slug":"etudes-de-cas-exercices","status":"publish","type":"page","link":"https:\/\/pageperso.lis-lab.fr\/bernard.espinasse\/index.php\/etudes-de-cas-exercices\/","title":{"rendered":"Etudes de cas &#8211; exercices"},"content":{"rendered":"<h4><strong><big>\u00c9tudes de cas &#8211; exercices<\/big><\/strong><\/h4>\n<p><em>&#8230; En d\u00e9veloppement &#8230;<\/em><\/p>\n<p><span style=\"font-size: 14pt;\"><strong><big>Bases de donn\u00e9es :<em><br \/>\n<\/em><\/big><\/strong><\/span><\/p>\n<ul>\n<li><span style=\"font-size: 14pt;\">Cas xxx: pdf<\/span><\/li>\n<li><span style=\"font-size: 14pt;\">Cas xxx: pdf<\/span><\/li>\n<li><span style=\"font-size: 14pt;\">Cas xxx: pdf<\/span><\/li>\n<\/ul>\n<p><span style=\"font-size: 14pt;\"><strong><big>Syst\u00e8me d&rsquo;information :<em><br \/>\n<\/em><\/big><\/strong><\/span><\/p>\n<ul>\n<li><span style=\"font-size: 14pt;\">Cas xxx: pdf<\/span><\/li>\n<li><span style=\"font-size: 14pt;\">Cas xxx: pdf<\/span><\/li>\n<\/ul>\n<p><span style=\"font-size: 14pt;\"><strong><big>Entrep\u00f4ts de donn\u00e9es :<\/big><\/strong><\/span><\/p>\n<ul>\n<li><span style=\"font-size: 14pt;\">Cas xxx: pdf<\/span><\/li>\n<li><span style=\"font-size: 14pt;\">Cas xxx: pdf<\/span><\/li>\n<\/ul>\n<p><span style=\"font-size: 14pt;\"><strong><big>Analyse de la d\u00e9cision :<em><br \/>\n<\/em><\/big><\/strong><\/span><\/p>\n<ul>\n<li><span style=\"font-size: 14pt;\">Cas xxx: pdf<\/span><\/li>\n<li><span style=\"font-size: 14pt;\">Cas xxx: pdf<\/span><\/li>\n<\/ul>\n<p><span style=\"font-size: 14pt;\"><strong><big>Divers :<em><br \/>\n<\/em><\/big><\/strong><\/span><\/p>\n<ul>\n<li><span style=\"font-size: 14pt;\">Cas xxx: pdf<\/span><\/li>\n<li><span style=\"font-size: 14pt;\">Cas xxx: pdf<\/span><\/li>\n<\/ul>\n","protected":false},"excerpt":{"rendered":"<p>\u00c9tudes de cas &#8211; exercices &#8230; En d\u00e9veloppement &#8230; Bases de donn\u00e9es : Cas xxx: pdf Cas xxx: pdf Cas xxx: pdf Syst\u00e8me d&rsquo;information : Cas xxx: pdf Cas xxx: pdf Entrep\u00f4ts de donn\u00e9es : Cas xxx: pdf Cas xxx: pdf Analyse de la d\u00e9cision : Cas xxx: pdf Cas xxx: pdf Divers : Cas &hellip; <\/p>\n<p class=\"link-more\"><a href=\"https:\/\/pageperso.lis-lab.fr\/bernard.espinasse\/index.php\/etudes-de-cas-exercices\/\" class=\"more-link\">Continuer la lecture <span class=\"screen-reader-text\"> \u00ab\u00a0Etudes de cas &#8211; exercices\u00a0\u00bb<\/span><\/a><\/p>\n","protected":false},"author":2,"featured_media":0,"parent":0,"menu_order":0,"comment_status":"closed","ping_status":"closed","template":"","meta":{"_crdt_document":"","footnotes":""},"class_list":["post-1519","page","type-page","status-publish","hentry","entry"],"_links":{"self":[{"href":"https:\/\/pageperso.lis-lab.fr\/bernard.espinasse\/index.php\/wp-json\/wp\/v2\/pages\/1519","targetHints":{"allow":["GET"]}}],"collection":[{"href":"https:\/\/pageperso.lis-lab.fr\/bernard.espinasse\/index.php\/wp-json\/wp\/v2\/pages"}],"about":[{"href":"https:\/\/pageperso.lis-lab.fr\/bernard.espinasse\/index.php\/wp-json\/wp\/v2\/types\/page"}],"author":[{"embeddable":true,"href":"https:\/\/pageperso.lis-lab.fr\/bernard.espinasse\/index.php\/wp-json\/wp\/v2\/users\/2"}],"replies":[{"embeddable":true,"href":"https:\/\/pageperso.lis-lab.fr\/bernard.espinasse\/index.php\/wp-json\/wp\/v2\/comments?post=1519"}],"version-history":[{"count":3,"href":"https:\/\/pageperso.lis-lab.fr\/bernard.espinasse\/index.php\/wp-json\/wp\/v2\/pages\/1519\/revisions"}],"predecessor-version":[{"id":1523,"href":"https:\/\/pageperso.lis-lab.fr\/bernard.espinasse\/index.php\/wp-json\/wp\/v2\/pages\/1519\/revisions\/1523"}],"wp:attachment":[{"href":"https:\/\/pageperso.lis-lab.fr\/bernard.espinasse\/index.php\/wp-json\/wp\/v2\/media?parent=1519"}],"curies":[{"name":"wp","href":"https:\/\/api.w.org\/{rel}","templated":true}]}}