{"id":1237,"date":"2022-01-19T08:32:51","date_gmt":"2022-01-19T07:32:51","guid":{"rendered":"https:\/\/pageperso.lis-lab.fr\/bernard.espinasse\/?page_id=1237"},"modified":"2022-03-17T13:39:57","modified_gmt":"2022-03-17T12:39:57","slug":"livre-merise","status":"publish","type":"page","link":"https:\/\/pageperso.lis-lab.fr\/bernard.espinasse\/index.php\/livre-merise\/","title":{"rendered":"Livre Merise"},"content":{"rendered":"<p><span style=\"font-size: 24pt;\"><strong>Ing\u00e9nierie des syst\u00e8mes d&rsquo;information : MERISE &#8211; Deuxi\u00e8me g\u00e9n\u00e9ration <\/strong><\/span><\/p>\n<p>Dominique Nanci, Bernard Espinasse <span style=\"font-size: 14pt;\">avec la collaboration de Bernard Cohen, Jean-Claude Asselborn et Henri Hechenroth &#8211; (4\u00b0 \u00c9dition) Vuibert, 2010, ISBN : 2-7117-864-9\u00a0 <span dir=\"ltr\" role=\"presentation\">(416 pages).<\/span><br \/>\n<\/span><\/p>\n<p><img loading=\"lazy\" decoding=\"async\" class=\"alignnone \" src=\"https:\/\/pageperso.lis-lab.fr\/bernard.espinasse\/wp-content\/uploads\/2021\/12\/LivreMerise-2001a.gif\" width=\"257\" height=\"341\" \/>\u00a0\u00a0 <img loading=\"lazy\" decoding=\"async\" class=\"alignnone \" src=\"https:\/\/pageperso.lis-lab.fr\/bernard.espinasse\/wp-content\/uploads\/2021\/12\/LivreMerise-2001b.gif\" width=\"274\" height=\"365\" \/><\/p>\n<p>T\u00e9l\u00e9chargement du livre complet : <a href=\"https:\/\/pageperso.lis-lab.fr\/bernard.espinasse\/wp-content\/uploads\/2021\/12\/LivreMerisePDF-total-12sept14.pdf\">lien<\/a><\/p>\n<p>T\u00e9l\u00e9chargement du sommaire g\u00e9n\u00e9ral du livre : <a href=\"https:\/\/pageperso.lis-lab.fr\/bernard.espinasse\/wp-content\/uploads\/2021\/12\/LivreMerisePDF-sommaire-12sept14-1.pdf\">lien<\/a><\/p>\n<p>T\u00e9l\u00e9chargement du cas X trait\u00e9 dans le livre :<\/p>\n<p style=\"padding-left: 40px;\">&#8211; \u00c9nonc\u00e9 cas X : <a href=\"https:\/\/pageperso.lis-lab.fr\/bernard.espinasse\/wp-content\/uploads\/2021\/12\/CasXEnonce-2016-2p.pdf\">lien<\/a><\/p>\n<p style=\"padding-left: 40px;\">&#8211; Solution cas X : <a href=\"https:\/\/pageperso.lis-lab.fr\/bernard.espinasse\/wp-content\/uploads\/2021\/12\/CasXSolution-2016-2p.pdf\">lien<\/a><\/p>\n<p><em><span style=\"font-size: 12pt;\"><span dir=\"ltr\" role=\"presentation\">Cet ouvrage a \u00e9t\u00e9 publi\u00e9 jusqu\u2019en 2010 par les \u00e9ditions VUIBERT, <\/span><span dir=\"ltr\" role=\"presentation\">collection<\/span> <span dir=\"ltr\" role=\"presentation\">informatique.<\/span> <span dir=\"ltr\" role=\"presentation\">Les<\/span> <span dir=\"ltr\" role=\"presentation\">auteurs<\/span> <span dir=\"ltr\" role=\"presentation\">ayant<\/span> <span dir=\"ltr\" role=\"presentation\">r\u00e9cup\u00e9r\u00e9<\/span> <span dir=\"ltr\" role=\"presentation\">leurs<\/span> <span dir=\"ltr\" role=\"presentation\">droits,<\/span> <span dir=\"ltr\" role=\"presentation\">il<\/span> <span dir=\"ltr\" role=\"presentation\">est <\/span><span dir=\"ltr\" role=\"presentation\">maintenant<\/span> <span dir=\"ltr\" role=\"presentation\">disponible<\/span> <span dir=\"ltr\" role=\"presentation\">en<\/span> <span dir=\"ltr\" role=\"presentation\">t\u00e9l<\/span><span dir=\"ltr\" role=\"presentation\">\u00e9chargement<\/span> <span dir=\"ltr\" role=\"presentation\">gratuit,<\/span> <span dir=\"ltr\" role=\"presentation\">pour<\/span> <span dir=\"ltr\" role=\"presentation\">qu\u2019il<\/span> <span dir=\"ltr\" role=\"presentation\">serve<\/span> <span dir=\"ltr\" role=\"presentation\">de <\/span><span dir=\"ltr\" role=\"presentation\">t\u00e9moignage<\/span> <span dir=\"ltr\" role=\"presentation\">de<\/span> <span dir=\"ltr\" role=\"presentation\">cette<\/span> <span dir=\"ltr\" role=\"presentation\">belle<\/span> <span dir=\"ltr\" role=\"presentation\">aventure<\/span> <span dir=\"ltr\" role=\"presentation\">qu\u2019aura<\/span> <span dir=\"ltr\" role=\"presentation\">\u00e9t\u00e9<\/span> <span dir=\"ltr\" role=\"presentation\">le<\/span> <span dir=\"ltr\" role=\"presentation\">d\u00e9veloppement<\/span> <span dir=\"ltr\" role=\"presentation\">et <\/span><span dir=\"ltr\" role=\"presentation\">l\u2019\u00e9volution de cette m\u00e9thode Merise, et<\/span> <span dir=\"ltr\" role=\"presentation\">afin<\/span> <span dir=\"ltr\" role=\"presentation\">que son enseignement et sa mise <\/span><span dir=\"ltr\" role=\"presentation\">en \u0153uvre soit toujours possible. <\/span><\/span><\/em><\/p>\n<p><em><span style=\"font-size: 12pt;\"><span dir=\"ltr\" role=\"presentation\">Les auteurs, mars 2014.<\/span><\/span><\/em><\/p>\n<p><em><span style=\"font-size: 12pt;\"><strong><span dir=\"ltr\" role=\"presentation\">Impression du document<\/span><\/strong> <span dir=\"ltr\" role=\"presentation\">: <\/span><span dir=\"ltr\" role=\"presentation\">Le<\/span> <span dir=\"ltr\" role=\"presentation\">formatage<\/span> <span dir=\"ltr\" role=\"presentation\">de ce document en pdf a \u00e9t\u00e9 fait pour permettre une impression en 2 <\/span><span dir=\"ltr\" role=\"presentation\">pages par page<\/span> <span dir=\"ltr\" role=\"presentation\">A4<\/span> <span dir=\"ltr\" role=\"presentation\">avec un agrandissement de 135% sous Acrobat Reader.<\/span><\/span><\/em><\/p>\n<p>&nbsp;<\/p>\n<p>&nbsp;<\/p>\n","protected":false},"excerpt":{"rendered":"<p>Ing\u00e9nierie des syst\u00e8mes d&rsquo;information : MERISE &#8211; Deuxi\u00e8me g\u00e9n\u00e9ration Dominique Nanci, Bernard Espinasse avec la collaboration de Bernard Cohen, Jean-Claude Asselborn et Henri Hechenroth &#8211; (4\u00b0 \u00c9dition) Vuibert, 2010, ISBN : 2-7117-864-9\u00a0 (416 pages). \u00a0\u00a0 T\u00e9l\u00e9chargement du livre complet : lien T\u00e9l\u00e9chargement du sommaire g\u00e9n\u00e9ral du livre : lien T\u00e9l\u00e9chargement du cas X trait\u00e9 dans &hellip; <\/p>\n<p class=\"link-more\"><a href=\"https:\/\/pageperso.lis-lab.fr\/bernard.espinasse\/index.php\/livre-merise\/\" class=\"more-link\">Continuer la lecture <span class=\"screen-reader-text\"> \u00ab\u00a0Livre Merise\u00a0\u00bb<\/span><\/a><\/p>\n","protected":false},"author":2,"featured_media":0,"parent":0,"menu_order":0,"comment_status":"closed","ping_status":"closed","template":"","meta":{"_crdt_document":"","footnotes":""},"class_list":["post-1237","page","type-page","status-publish","hentry","entry"],"_links":{"self":[{"href":"https:\/\/pageperso.lis-lab.fr\/bernard.espinasse\/index.php\/wp-json\/wp\/v2\/pages\/1237","targetHints":{"allow":["GET"]}}],"collection":[{"href":"https:\/\/pageperso.lis-lab.fr\/bernard.espinasse\/index.php\/wp-json\/wp\/v2\/pages"}],"about":[{"href":"https:\/\/pageperso.lis-lab.fr\/bernard.espinasse\/index.php\/wp-json\/wp\/v2\/types\/page"}],"author":[{"embeddable":true,"href":"https:\/\/pageperso.lis-lab.fr\/bernard.espinasse\/index.php\/wp-json\/wp\/v2\/users\/2"}],"replies":[{"embeddable":true,"href":"https:\/\/pageperso.lis-lab.fr\/bernard.espinasse\/index.php\/wp-json\/wp\/v2\/comments?post=1237"}],"version-history":[{"count":19,"href":"https:\/\/pageperso.lis-lab.fr\/bernard.espinasse\/index.php\/wp-json\/wp\/v2\/pages\/1237\/revisions"}],"predecessor-version":[{"id":1586,"href":"https:\/\/pageperso.lis-lab.fr\/bernard.espinasse\/index.php\/wp-json\/wp\/v2\/pages\/1237\/revisions\/1586"}],"wp:attachment":[{"href":"https:\/\/pageperso.lis-lab.fr\/bernard.espinasse\/index.php\/wp-json\/wp\/v2\/media?parent=1237"}],"curies":[{"name":"wp","href":"https:\/\/api.w.org\/{rel}","templated":true}]}}