{"id":1011,"date":"2021-12-15T09:03:30","date_gmt":"2021-12-15T08:03:30","guid":{"rendered":"https:\/\/pageperso.lis-lab.fr\/bernard.espinasse\/nouveausite\/?page_id=1011"},"modified":"2022-03-02T12:16:11","modified_gmt":"2022-03-02T11:16:11","slug":"themes-topics-1995-2007","status":"publish","type":"page","link":"https:\/\/pageperso.lis-lab.fr\/bernard.espinasse\/index.php\/themes-topics-1995-2007\/","title":{"rendered":"Th\u00e8mes\/Topics 1995-2007"},"content":{"rendered":"<p><span style=\"font-size: 12pt;\">(Publication types: RJ=Revue\/Journal, CH=Book Chapter, BK=Book, IC=International Conference, NC=National Conference)<\/span><\/p>\n<p><span style=\"font-size: 14pt;\"><strong>P\u00e9riode 1995-2007<\/strong><\/span><\/p>\n<p><span style=\"font-size: 14pt;\">Sur cette p\u00e9riode, mes travaux r\u00e9alis\u00e9s au sein du DIAM puis du LSIS, privil\u00e9gient l\u2019approche multi-agents, et se d\u00e9veloppent selon deux axes : la <em>mod\u00e9lisation et la simulation \u00e0 base d\u2019agents pour l\u2019aide \u00e0 la d\u00e9cision<\/em> et<em> l\u2019ing\u00e9nierie des syst\u00e8mes d\u2019information coop\u00e9ratifs (SIC).<\/em><\/span><\/p>\n<p><span style=\"font-size: 14pt;\"><strong>Mod\u00e9lisation et simulation orient\u00e9es agents pour l\u2019aide \u00e0 la d\u00e9cision.<\/strong> Sur cet axe, mes travaux de recherche sont associ\u00e9s \u00e0 l\u2019usage des syst\u00e8mes multi-agents (SMA) dans le d\u00e9veloppement de SIAD pour la r\u00e9solution de probl\u00e8mes complexes. Cette orientation \u00ab\u00a0agents\u00a0\u00bb se retrouve tout d\u2019abord dans des mod\u00e9lisations (voire multi-mod\u00e9lisation) \u00e0 base d\u2019agents. Ces mod\u00e9lisations agents op\u00e9rationnalisent en g\u00e9n\u00e9ral des mod\u00e9lisations individus-centr\u00e9es associ\u00e9es au probl\u00e8me auquel fait face le d\u00e9cideur, et peuvent impliquer des agents d\u00e9lib\u00e9ratifs et\/ou r\u00e9actifs. Elles conduisent \u00e0 des simulations qui structurent l\u2019interaction entre le d\u00e9cideur et ces mod\u00e8les, et lui permettent, par exemple d\u2019\u00e9valuer de fa\u00e7on it\u00e9rative diff\u00e9rents sc\u00e9narios. Mes contributions se situent tant au niveau m\u00e9thodologique, pour le d\u00e9veloppement de mod\u00e9lisations agents, qu\u2019au niveau ing\u00e9nierie logicielle, dans le d\u00e9veloppement d\u2019une plateforme multi-agents adapt\u00e9e au d\u00e9veloppement de SIAD.<\/span><\/p>\n<p><span style=\"font-size: 14pt;\">Cette plateforme d\u2019\u00e9quipe, qui a servi au d\u00e9veloppement de plusieurs prototypes dans le cadre de th\u00e8ses ou de contrats, adopte les standards FIPA (Foundations of Intelligent Physical Agents), notamment pour son langage de communication, int\u00e8gre le moteur d\u2019inf\u00e9rences JESS\/Clips, et est ensuite int\u00e9gr\u00e9e dans la plateforme multi-agents Jade. Plus pr\u00e9cis\u00e9ment mes contributions sur cet axe concernent\u00a0: (i) la proposition et la mise en \u0153uvre de m\u00e9thodes et techniques d\u2019aide \u00e0 la d\u00e9cision multicrit\u00e8re pour un groupe de d\u00e9cideurs (extension de Prom\u00e9th\u00e9e) <strong>[RJ 97.2]<\/strong>, (ii) la proposition et la mise en \u0153uvre de m\u00e9thodes et techniques de r\u00e9paration de solution (repair solutions) dans le cas du r\u00e9-ordonnancement r\u00e9actif d\u2019atelier (th\u00e8se de E. Tranvouez) <strong>[RJ 98][OS 01.2]<\/strong>, et enfin (iii) la simulation de sc\u00e9narios de gestion d\u2019un \u00e9cosyst\u00e8me anthropis\u00e9 (th\u00e8se de N. Franchesquin) dans le cadre du projet Simfonhyc (en collaboration avec le DESMID CNRS et soutenu par la r\u00e9gion PACA) <strong>[IC 01.3] [IC 00.2] [IC 03.1] [RJ 05.1]. <\/strong>Durant cette p\u00e9riode je suis alors fortement impliqu\u00e9 dans le workshop international \u00ab\u00a0Agent Based Simulation (ABS)\u00a0\u00bb, dans l\u2019Action Sp\u00e9cifique CNRS STIC \u00ab\u00a0VERSIM &#8211; Vers une th\u00e9orie de la simulation\u00a0\u00bb, et dans le GDR I3 (GT 3.2 \u00ab\u00a0MIMOSA &#8211; Mod\u00e9lisation et simulation individu-centr\u00e9es\u00a0\u00bb).<\/span><\/p>\n<p><span style=\"font-size: 14pt;\"><strong>Ing\u00e9nierie des syst\u00e8mes d\u2019information coop\u00e9ratifs<\/strong>. En m\u2019appuyant sur les acquis de l\u2019axe pr\u00e9c\u00e9dent, je m\u2019int\u00e9resse \u00e0 partir de 99 \u00e0 la mise en \u0153uvre de cette approche agent dans l\u2019ing\u00e9nierie des SI Coop\u00e9ratifs. Ainsi, avec quelques coll\u00e8gues fran\u00e7ais, nous avons \u00e9crit un chapitre de livre consacr\u00e9 aux SI coop\u00e9ratifs (SIC) orient\u00e9s agents (AOIS \u2013 Agents Oriented Information Systems)<strong> [CH 01.1]<\/strong>. Mes contributions sur cet axe d\u00e9butent autour de la coordination de l\u2019entreprise manufacturi\u00e8re distribu\u00e9e par une approche multi-agents (th\u00e8se de L. Cloutier) <strong>[RJ 01][IC 99.6][IC 99.5][IC 99.4].<\/strong> Nous y avons propos\u00e9 un cadre de coordination agent, CAT (Convention \u2013 Accord \u2013 Transaction), fortement inspir\u00e9 de la th\u00e9orie des contrats en micro\u00e9conomie.<\/span><\/p>\n","protected":false},"excerpt":{"rendered":"<p>(Publication types: RJ=Revue\/Journal, CH=Book Chapter, BK=Book, IC=International Conference, NC=National Conference) P\u00e9riode 1995-2007 Sur cette p\u00e9riode, mes travaux r\u00e9alis\u00e9s au sein du DIAM puis du LSIS, privil\u00e9gient l\u2019approche multi-agents, et se d\u00e9veloppent selon deux axes : la mod\u00e9lisation et la simulation \u00e0 base d\u2019agents pour l\u2019aide \u00e0 la d\u00e9cision et l\u2019ing\u00e9nierie des syst\u00e8mes d\u2019information coop\u00e9ratifs (SIC). &hellip; <\/p>\n<p class=\"link-more\"><a href=\"https:\/\/pageperso.lis-lab.fr\/bernard.espinasse\/index.php\/themes-topics-1995-2007\/\" class=\"more-link\">Continuer la lecture <span class=\"screen-reader-text\"> \u00ab\u00a0Th\u00e8mes\/Topics 1995-2007\u00a0\u00bb<\/span><\/a><\/p>\n","protected":false},"author":2,"featured_media":0,"parent":0,"menu_order":0,"comment_status":"closed","ping_status":"closed","template":"","meta":{"_crdt_document":"","footnotes":""},"class_list":["post-1011","page","type-page","status-publish","hentry","entry"],"_links":{"self":[{"href":"https:\/\/pageperso.lis-lab.fr\/bernard.espinasse\/index.php\/wp-json\/wp\/v2\/pages\/1011","targetHints":{"allow":["GET"]}}],"collection":[{"href":"https:\/\/pageperso.lis-lab.fr\/bernard.espinasse\/index.php\/wp-json\/wp\/v2\/pages"}],"about":[{"href":"https:\/\/pageperso.lis-lab.fr\/bernard.espinasse\/index.php\/wp-json\/wp\/v2\/types\/page"}],"author":[{"embeddable":true,"href":"https:\/\/pageperso.lis-lab.fr\/bernard.espinasse\/index.php\/wp-json\/wp\/v2\/users\/2"}],"replies":[{"embeddable":true,"href":"https:\/\/pageperso.lis-lab.fr\/bernard.espinasse\/index.php\/wp-json\/wp\/v2\/comments?post=1011"}],"version-history":[{"count":8,"href":"https:\/\/pageperso.lis-lab.fr\/bernard.espinasse\/index.php\/wp-json\/wp\/v2\/pages\/1011\/revisions"}],"predecessor-version":[{"id":1570,"href":"https:\/\/pageperso.lis-lab.fr\/bernard.espinasse\/index.php\/wp-json\/wp\/v2\/pages\/1011\/revisions\/1570"}],"wp:attachment":[{"href":"https:\/\/pageperso.lis-lab.fr\/bernard.espinasse\/index.php\/wp-json\/wp\/v2\/media?parent=1011"}],"curies":[{"name":"wp","href":"https:\/\/api.w.org\/{rel}","templated":true}]}}